s 934 divide 11123940?
True
Is 89 a factor of 21982822?
True
Does 16 divide 18211584?
True
Is 244712 a multiple of 52?
True
Is 33 a factor of 293181245?
False
Is 13598677 a multiple of 9?
False
Does 16 divide 5751924?
False
Is 231 a factor of 98272482?
True
Is 180 a factor of 4913196?
False
Is 268071895 a multiple of 3185?
True
Does 167 divide 925241944?
False
Does 2565 divide 50771610?
True
Is 25264110 a multiple of 1745?
True
Is 23 a factor of 191624754?
False
Does 55 divide 35859578?
False
Does 7 divide 129957705?
False
Is 142 a factor of 374432753?
False
Is 92578672 a multiple of 12?
False
Is 973734754 a multiple of 142?
True
Is 8060 a factor of 1884930088?
False
Is 1062595262 a multiple of 42?
False
Is 93 a factor of 7630340?
False
Does 713 divide 31287153?
True
Is 16418594 a multiple of 70?
False
Does 65 divide 241513805?
True
Is 16 a factor of 1112384?
True
Does 118 divide 4118790?
True
Is 3882 a factor of 203665248?
True
Is 4901961308 a multiple of 212?
True
Does 726 divide 65748738?
True
Does 4692 divide 4924271390?
False
Is 161255600 a multiple of 52?
False
Is 56663836 a multiple of 59?
True
Is 2679 a factor of 1989562029?
True
Does 224 divide 2923074?
False
Is 30106783 a multiple of 1971?
False
Does 341 divide 8261083?
False
Is 60525192 a multiple of 4494?
True
Is 16277380 a multiple of 466?
True
Is 29 a factor of 137838093?
False
Does 51 divide 3177140096?
False
Is 582 a factor of 87182436?
True
Is 54781908 a multiple of 3?
True
Does 690 divide 17631570?
True
Is 2649 a factor of 371569932?
True
Is 4914786 a multiple of 36?
False
Is 171326210 a multiple of 106?
True
Does 129 divide 65612109?
True
Does 25 divide 53302225?
True
Does 9 divide 327124917?
True
Is 14525803 even?
False
Does 29 divide 34256018?
True
Does 29 divide 55324946?
False
Is 11 a factor of 670883640?
False
Does 89 divide 257765627?
True
Is 68 a factor of 44745358?
False
Does 20 divide 212110837?
False
Is 33 a factor of 5519481?
True
Is 125844491 a multiple of 1422?
False
Is 93009783 a multiple of 75?
False
Is 1213778133 a multiple of 3?
True
Does 102 divide 8590542?
True
Is 122804700 a multiple of 60?
True
Is 577 a factor of 29543758?
False
Is 10 a factor of 1417329440?
True
Is 131 a factor of 2241868075?
False
Is 71735155 a multiple of 5?
True
Does 822 divide 263218374?
True
Is 267 a factor of 123286983?
True
Does 1074 divide 257798664?
True
Does 220 divide 452840130?
False
Is 3 a factor of 72458039?
False
Is 111 a factor of 2515813?
False
Does 9 divide 131949931?
False
Is 66641100 a multiple of 12?
True
Is 1318948972 a multiple of 6247?
False
Is 1394 a factor of 13632827?
False
Is 243619014 a multiple of 863?
False
Is 5562445 a multiple of 5?
True
Is 329 a factor of 205838521?
True
Is 17 a factor of 9911984?
False
Is 79544205 a multiple of 599?
True
Is 1011267385 a multiple of 602?
False
Is 178 a factor of 278036?
True
Does 14 divide 258351217?
False
Is 261392186 a multiple of 62?
True
Is 1186533492 a multiple of 1789?
False
Is 456 a factor of 12973200?
True
Is 56919077 a multiple of 51?
False
Is 10 a factor of 383146651?
False
Does 1006 divide 29815069?
False
Does 409 divide 19974742?
True
Does 15 divide 54032550?
True
Is 10198820 a multiple of 190?
True
Does 27 divide 45699120?
True
Does 30 divide 261065760?
True
Is 1397 a factor of 460704172?
False
Does 7 divide 40744374?
False
Does 39 divide 2068040?
False
Does 788 divide 1206366125?
False
Is 8300 a factor of 2637923158?
False
Does 202 divide 5387946?
True
Does 483 divide 40505346?
True
Does 865 divide 12766227?
False
Is 708564134 a multiple of 141?
False
Is 227 a factor of 12155850?
True
Is 408 a factor of 2622274344?
True
Is 13 a factor of 151697091?
True
Does 5 divide 7774040?
True
Is 14 a factor of 956532486?
True
Does 545 divide 92748645?
True
Is 510 a factor of 166337203?
False
Is 29 a factor of 4071013620?
True
Is 208 a factor of 360371367?
False
Does 3 divide 1164602208?
True
Is 165 a factor of 977295?
True
Does 36 divide 71206545?
False
Is 2628 a factor of 203049792?
True
Is 237407288 a multiple of 184?
True
Does 17 divide 7892890?
False
Is 219 a factor of 382884136?
False
Is 12 a factor of 513352493?
False
Is 5922915 a multiple of 12?
False
Is 37485429 a multiple of 1563?
True
Is 606 a factor of 1694022533?
False
Is 983592647 a multiple of 11?
False
Is 114 a factor of 75736926?
True
Is 8 a factor of 4652504?
True
Does 84 divide 7164841?
False
Is 96 a factor of 208643616?
True
Is 14 a factor of 587374872?
True
Does 140 divide 9616749?
False
Is 21 a factor of 441390?
False
Is 240159739 a multiple of 80?
False
Is 6 a factor of 746855160?
True
Does 16 divide 11042853?
False
Is 578 a factor of 163462937?
False
Is 443655941 a multiple of 1363?
False
Is 12 a factor of 647904?
True
Is 3037 a factor of 2283158045?
False
Is 96 a factor of 5114922816?
True
Does 754 divide 56003350?
True
Is 112 a factor of 25827088?
True
Is 51237224 a multiple of 647?
True
Is 6 a factor of 2136125?
False
Is 1123075828 a multiple of 34?
True
Is 4421334424 a multiple of 26?
True
Is 20268356 a multiple of 17?
False
Is 12 a factor of 9740298?
False
Is 89 a factor of 54082169?
False
Is 21 a factor of 590591925?
True
Is 491 a factor of 50846386?
False
Is 94722855 a multiple of 593?
True
Is 633 a factor of 480068466?
True
Does 1052 divide 22216136?
True
Is 439 a factor of 492151047?
True
Is 208332930 a multiple of 15?
True
Is 655 a factor of 16089850?
False
Is 250 a factor of 3382588477?
False
Is 40 a factor of 367123106?
False
Is 590 a factor of 153151304?
False
Is 3087314 a multiple of 12?
False
Does 90 divide 1286675190?
True
Is 229177381 a multiple of 3823?
True
Is 97 a factor of 1419854184?
True
Does 102 divide 1270107162?
True
Is 8 a factor of 687345413?
False
Is 123088414 a multiple of 430?
False
Does 28 divide 138626343?
False
Is 352 a factor of 93921575?
False
Does 1475 divide 26868600?
True
Is 4507 a factor of 34138249?
False
Is 46 a factor of 27049794?
True
Does 315 divide 305808273?
False
Does 85 divide 304273225?
True
Is 19413868 a multiple of 217?
False
Does 444 divide 1586745444?
True
Is 358457760 a multiple of 480?
True
Is 116203771 a multiple of 18?
False
Does 247 divide 189717909?
False
Is 8486311 a multiple of 72?
False
Is 136187772 a multiple of 84?
True
Is 16 a factor of 283967058?
False
Is 237 a factor of 45690282?
True
Does 466 divide 13139336?
True
Does 544 divide 37265347?
False
Does 2294 divide 1803068285?
False
Does 626 divide 2696219976?
False
Is 110 a factor of 10317902?
False
Is 669121 a multiple of 4?
False
Is 323928313 a multiple of 26?
False
Is 776279150 a multiple of 1283?
True
Is 114895167 a multiple of 4?
False
Is 21862494 a multiple of 22?
False
Is 48 a factor of 118776768?
True
Is 1006267540 a multiple of 10?
True
Does 64 divide 142528597?
False
Does 6 divide 1065948?
True
Is 105 a factor of 135240947?
False
Does 2479 divide 400951931?
False
Is 244645383 a multiple of 5626?
False
Is 2034 a factor of 3207008122?
False
Is 24236769 a multiple of 45?
False
Is 761943129 a multiple of 175?
False
Does 9 divide 9353010?
False
Does 33 divide 5115660?
True
Is 169465392 a multiple of 27?
True
Does 236 divide 431383231?
False
Is 1072758459 a multiple of 2787?
False
Is 36986560 a multiple of 2720?
True
Is 21 a factor of 13025838?
True
Is 1278 a factor of 177595992?
True
Is 6691876800 a multiple of 700?
True
Is 4 a factor of 132719352?
True
Is 54 a factor of 1425961240?
False
Is 112 a factor of 239028720?
True
Does 674 divide 14267216?
False
Is 285411266 a multiple of 7?
True
Does 4 divide 57291112?
True
Is 177 a factor of 106829566?
False
Is 52524640 a multiple of 31?
False
Is 68 a factor of 1069856986?
False
Does 1608 divide 26159090?
False
Is 140 a factor of 689812760?
True
Does 68 divide 16674892?
True
Is 4773808 a multiple of 767?
True
Is 125449462 a multiple of 2102?
True
Does 2358 divide 32983141?
False
Is 16 a factor of 277390480?
True
Is 7 a factor of 3942998?
False
Is 1101888669 a multiple of 6693?
True
Does 15 divide 4891140?
True
Is 8 a factor of 51851000?
True
Is 159272221 a multiple of 6?
False
Does 70 divide 43287930?
True
Is 59 a factor of 85043190?
True
Does 10 divide 180214657?
False
Does 63 divide 294342174?
True
Is 660294496 a multiple of 8?
True
Is 896 a factor of 344759296?
True
Is 665